6909 and 2253.
751
Calculate the highest common divisor of 527 and 17938243.
31
What is the highest common divisor of 35392651 and 833?
49
What is the highest common divisor of 417370585 and 226?
113
Calculate the greatest common divisor of 5317 and 45363826.
409
What is the highest common divisor of 2230 and 2869118?
446
Calculate the highest common divisor of 867024 and 2865104.
3568
What is the highest common divisor of 8254000 and 1250?
250
What is the greatest common factor of 3809088 and 504?
72
What is the highest common factor of 21457709 and 97760?
611
Calculate the greatest common factor of 2554653 and 159.
159
Calculate the greatest common divisor of 688 and 15210992.
688
Calculate the greatest common factor of 39032 and 1459178.
238
Calculate the highest common divisor of 53291 and 1017163.
2317
Calculate the highest common factor of 15335 and 2835.
5
What is the greatest common factor of 51 and 73816261?
17
What is the highest common factor of 39877050 and 1350?
150
What is the greatest common factor of 112 and 1211930384?
112
What is the highest common factor of 17423076 and 1254?
1254
Calculate the highest common factor of 72 and 52474788.
36
Calculate the highest common factor of 87157888 and 107200.
4288
Calculate the greatest common factor of 97362 and 192753.
27
What is the greatest common divisor of 1075120 and 15664?
1424
What is the greatest common factor of 6 and 91929606?
6
Calculate the highest common divisor of 1216877585 and 154.
77
What is the greatest common divisor of 162963456 and 24?
24
Calculate the greatest common divisor of 74482 and 28056.
334
Calculate the highest common divisor of 96 and 17514948.
12
What is the highest common divisor of 1456 and 4222400?
1456
What is the highest common divisor of 6594 and 1029606?
942
Calculate the greatest common divisor of 72975 and 3667515.
2085
What is the greatest common factor of 3249050 and 1050?
350
What is the greatest common factor of 3035597 and 1731?
577
Calculate the greatest common divisor of 2874 and 1596222474.
2874
What is the highest common divisor of 839878 and 1222?
26
Calculate the highest common divisor of 960487 and 15983.
11
Calculate the greatest common divisor of 21348 and 28302111.
5337
What is the highest common divisor of 5975 and 6226667?
239
What is the greatest common divisor of 120 and 3032130?
30
Calculate the greatest common divisor of 4111480 and 14170.
1090
What is the greatest common factor of 1251319541 and 163?
163
What is the greatest common divisor of 104950 and 166450?
50
Calculate the greatest common divisor of 260 and 15327650.
130
What is the highest common factor of 1887698762 and 326?
326
What is the highest common factor of 97886 and 121822?
34
Calculate the highest common divisor of 124317 and 41319.
9
Calculate the highest common divisor of 290 and 932730.
10
What is the highest common divisor of 576 and 115097664?
192
What is the highest common divisor of 286575 and 4225?
25
Calculate the greatest common factor of 8667874 and 511.
73
Calculate the greatest common factor of 15451040 and 80.
80
Calculate the greatest common factor of 6445047 and 3306.
1653
What is the greatest common factor of 1428 and 16044532?
476
What is the greatest common factor of 1306966212 and 6932?
6932
Calculate the greatest common factor of 387849 and 1817046.
5313
Calculate the greatest common divisor of 130 and 160137367.
13
What is the highest common divisor of 27891 and 9099?
27
What is the greatest common factor of 28465 and 3545?
5
What is the greatest common divisor of 4551604 and 203729?
4969
What is the greatest common divisor of 5571820 and 52?
4
What is the greatest common divisor of 4695 and 748383?
939
What is the highest common divisor of 9522 and 22030734?
3174
Calculate the highest common divisor of 741050133 and 4278.
2139
Calculate the highest common factor of 257280 and 12161280.
3840
Calculate the greatest common factor of 4710 and 56390.
10
What is the greatest common divisor of 1135251 and 1395?
279
What is the greatest common factor of 560856875 and 1220?
305
Calculate the highest common divisor of 1460904 and 10495.
2099
Calculate the greatest common factor of 230269314 and 594.
66
What is the highest common divisor of 754840 and 495155?
835
Calculate the highest common divisor of 6248467 and 556.
139
Calculate the greatest common factor of 360806 and 3827.
89
Calculate the highest common factor of 25046672 and 4443.
1481
Calculate the greatest common factor of 1406 and 307667.
19
What is the highest common factor of 59179938 and 48?
6
Calculate the greatest common divisor of 340391 and 1343.
17
Calculate the greatest common factor of 3290 and 220202990.
3290
What is the highest common divisor of 1094415 and 321195?
735
What is the highest common divisor of 8165 and 1774795?
115
What is the highest common divisor of 2190938 and 2564?
1282
Calculate the greatest common factor of 6966 and 1966046.
86
Calculate the greatest common divisor of 446495 and 4900.
35
Calculate the greatest common divisor of 15814320 and 145672.
1048
What is the highest common divisor of 677790 and 194310?
1530
Calculate the greatest common divisor of 7959873 and 423.
141
Calculate the highest common factor of 133 and 9748786.
19
What is the highest common divisor of 78827023 and 11?
11
Calculate the greatest common divisor of 39109900 and 12095.
205
What is the greatest common factor of 1232 and 8299760?
112
What is the highest common divisor of 5733380 and 800?
20
What is the highest common factor of 15 and 5463030?
15
What is the highest common divisor of 89958 and 4680918?
3102
Calculate the highest common factor of 90 and 51274035.
45
What is the greatest common divisor of 85951138 and 644?
322
Calculate the highest common factor of 173903892 and 120.
12
Calculate the greatest common factor of 9325 and 9734927.
373
Calculate the highest common divisor of 2386296 and 44712.
1656
What is the highest common divisor of 65586 and 2751?
3
Calculate the highest common divisor of 2035278 and 2744896.
7798
Calculate the greatest common divisor of 7 and 6217196.
1
What is the greatest common factor of 73070546 and 131080?
6554
What is the greatest common factor of 296 and 200680156?
148
What is the greatest common divisor of 4741 and 27962849?
431
What is the greatest common factor of 3428580 and 480?
60
Calculate the highest common divisor of 35 and 671158705.
35
What is the greatest common divisor of 41 and 83868329?
41
Calculate the highest common divisor of 2475 and 974490.
165
Calculate the greatest common divisor of 5005238 and 574.
14
What is the greatest common divisor of 12 and 107265105?
3
What is the greatest common divisor of 129624207 and 366?
183
Calculate the highest common factor of 290 and 1900544.
58
What is the highest common divisor of 1233 and 2535291?
9
Calculate the highest common factor of 59580 and 310221.
9
What is the highest common divisor of 712 and 312874872?
712
Calculate the greatest common factor of 7888 and 18241000.
3944
Calculate the greatest common divisor of 5264 and 206318.
14
What is the highest common factor of 187406576 and 24304?
784
Calculate the greatest common divisor of 289746 and 143118.
18
What is the greatest common divisor of 10478804 and 36176?
532
What is the greatest common factor of 64699026 and 84?
42
What is the highest common factor of 149583 and 105?
21
What is the highest common factor of 57493908 and 1883?
269
Calculate the greatest common factor of 87 and 386842977.
87
Calculate the highest common factor of 18748 and 1372964.
436
Calculate the greatest common factor of 261604 and 448.
28
Calculate the greatest common divisor of 147 and 61825729.
7
What is the greatest common factor of 77712 and 110890167?
4857
Calculate the greatest common factor of 3596496 and 108624.
1488
Calculate the greatest common divisor of 4533280 and 15.
5
Calculate the highest common divisor of 303199144 and 8.
8
What is the highest common divisor of 17892060 and 20?
20
Calculate the greatest common factor of 4597 and 9721.
1
What is the greatest common factor of 182 and 3901338?
14
Calculate the highest common divisor of 3682 and 360374.
14
What is the highest common divisor of 756 and 2733468?
12
What is the 